e
Let j be 1*(0 + 1)*4. Let w(u) be the first derivative of u**3/3 - u**2 - 4*u + 2. Is w(j) a multiple of 4?
True
Let n be (-3)/((-6)/14) + -2. Suppose n*y - 204 = -49. Is 18 a factor of y?
False
Let d = 0 + 2. Let g be 1 - (4/2)/d. Let m = 5 + g. Is m a multiple of 2?
False
Suppose 4*k - 3*i = 571 - 173, -3*i + 190 = 2*k. Suppose 5*d + 2*r - 178 = 0, 4*d = d + r + k. Does 17 divide d?
True
Let o be 0 - (-1 + (-2 - -1)). Suppose -4*y = o*f + 4, 2*f - y - 11 = -0*y. Let s(p) = 2*p**2 - 3*p - 2. Is 9 a factor of s(f)?
True
Let y = 41 + -2. Is 6 a factor of y?
False
Suppose 0 = -c + 47 + 15. Let w = c + -37. Is 2 - (-2)/1*w a multiple of 20?
False
Suppose -9 = -2*o + 1. Suppose 0 = -o*s + 21 + 49. Let y = s + -5. Does 5 divide y?
False
Let d = 128 - 96. Is 32 a factor of d?
True
Let t(d) = d**2 + 13*d + 14. Let z be t(-13). Suppose z + 2 = 4*w. Suppose -2*u = 6 - 16, w*u = -v + 60. Is v a multiple of 20?
True
Let n = 156 + -68. Does 30 divide n?
False
Suppose -188 = -4*v - 3*c, 0 = -0*c - 2*c + 8. Is 12 a factor of v?
False
Let n = 7 + 2. Is n a multiple of 4?
False
Let a = -42 + 84. Suppose 0*t = 2*t + a. Is (-32)/(-6)*t/(-4) a multiple of 14?
True
Let z(h) = 4*h + 3. Suppose -l = -1 - 5. Does 12 divide z(l)?
False
Let r be (6 - 4)/(1/4). Suppose r*q - 10*q = -68. Let p = -15 + q. Does 17 divide p?
False
Let f(t) = -2*t**3. Let k be f(-1). Let u(x) = -6*x**3 - x**2 - 2*x - 1. Let p be u(k). Let a = -37 - p. Is 10 a factor of a?
True
Let n(c) = -3*c + 1. Let t be n(-1). Suppose -t*p + 12 = -p. Is p a multiple of 3?
False
Let f be -4*(3 - 2/8). Let r = f - -7. Is 2 a factor of (6/r)/(12/(-16))?
True
Let i = 2 + 1. Suppose -k - 4 = -3*z, z - 5*z - 12 = i*k. Is 12 a factor of (-13 - (0 + z))*-1?
False
Let y be (5/(-15))/(2/(-18)). Suppose -y*a = -0*a - 36. Does 5 divide (-1)/3 + 112/a?
False
Let d(b) = 3*b. Let g be d(2). Suppose g*c - 2*c = 56. Does 14 divide c?
True
Suppose 60 = -5*y + 8*y. Let x(h) = 3*h**2 + h. Let v be x(1). Suppose -n + y = v*n. Does 2 divide n?
True
Suppose -80 = -y - 5*n, 2*y - 2*n = 2*n + 104. Is 10 a factor of y?
True
Let q(c) = c**3 - 7*c**2 - 7*c - 6. Let i be q(8). Suppose 32 = -5*u + 5*k - 13, i*k = 5*u + 51. Let r = u + 18. Is r even?
False
Let j be 475/10 - (-1)/(-2). Suppose 14 = -m + j. Is 11 a factor of m?
True
Let o be (3/(-2))/(2/(-28)). Let k(c) = -c - 15 + o + 20. Is k(0) a multiple of 13?
True
Suppose -10*p = -9*p. Suppose z - 5 - 39 = p. Is z a multiple of 27?
False
Let l(b) = -b + 8. Let d = 40 + -18. Suppose 5*v - d = -s, -s + 2*s = 2. Is 3 a factor of l(v)?
False
Let i = 68 - -62. Is 13 a factor of i?
True
Let h be 1 - (6/3 + -5). Suppose -h*b - 197 = 319. Does 8 divide 6/4 - b/6?
False
Let z(b) = b**2 - 6*b - 7. Let t be z(7). Suppose t = -3*l - 58 + 196. Does 23 divide l?
True
Let h(i) = 5*i - 5. Let o = 9 + -2. Is h(o) a multiple of 10?
True
Suppose -5*f + 142 = 2. Does 28 divide f?
True
Is 14 a factor of 19644/78 - 6/(-39)?
True
Is 4 a factor of (-14)/(-126) + 251/9?
True
Suppose -3*w - 5*u = -5*w + 105, 5*u = -2*w + 55. Is w a multiple of 10?
True
Suppose -43 - 5 = -4*r. Is r a multiple of 12?
True
Let c(f) = -f**3 + 2*f**2. Let k be c(2). Is 12 a factor of -74*((-3)/6 - k)?
False
Suppose 2*n - 79 = -5*q, -75 + 222 = 4*n - q. Is n a multiple of 7?
False
Suppose -15 = -3*h - 2*h. Suppose 4*f + h*x = 204, 3*f + 2*f - 5*x = 255. Does 14 divide (f/(-6) - 2)*-2?
False
Let t(r) = -35*r**3 - 2*r**2 - r. Is 4 a factor of t(-1)?
False
Suppose 3*x + 292 = 7*x. Suppose x = 5*y - 17. Does 9 divide y?
True
Let m(g) = g**3 + 10*g**2 + 15*g + 12. Is m(-8) a multiple of 10?
True
Suppose 24 = s - 0*s - 5*i, 4 = -s - 2*i. Suppose -5*p = -h - 0*h - 23, 0 = -3*h + 2*p - s. Suppose -5*a = -h*a - 21. Is a a multiple of 2?
False
Let t be -7 + (3 + -2 - 0). Let x(v) = v**3 + 7*v**2 + 5*v - 4. Let g be x(t). Does 14 divide 2/(g - 4) + 27?
False
Suppose -4*h = 4*o - 52, -2*h - 5*o + 11 + 6 = 0. Is 3 a factor of h?
False
Let y(z) = 3*z**3 - 7*z**2 + 2*z. Let m(o) = -4*o**3 + 8*o**2 - 3*o - 1. Let v(f) = 4*m(f) + 5*y(f). Suppose -3 = -0*s + s. Is v(s) a multiple of 2?
True
Let c = -3 - -18. Let g = c + 12. Does 10 divide g?
False
Let m = 452 + -237. Is 26 a factor of m?
False
Let s(b) be the first derivative of 19/3*b**3 + 0*b + 1/2*b**2 + 1. Is 9 a factor of s(-1)?
True
Let c be -1 - (3 - 1) - -28. Suppose -c = -2*q - 1. Does 6 divide q?
True
Let j(w) = -5*w**3 - 2*w**2 + 7*w + 6. Let s(r) = r**3 - r - 1. Let i(k) = j(k) + 4*s(k). Let v be i(-3). Let o(q) = 9*q**2 - q. Is o(v) a multiple of 17?
True
Suppose -u = -3*u + 168. Let t(b) = b - 3. Let h be t(8). Suppose h*v - u = 26. Is 11 a factor of v?
True
Suppose -52 = 4*v + 56. Let j = 38 + v. Is 11 a factor of j?
True
Let y = -25 - -47. Let o = y - -8. Is o a multiple of 15?
True
Suppose 2*f = -f + 183. Does 12 divide f?
False
Suppose -2*k - 4*h = -62, -4*k - 57 = 3*h - 156. Is 11 a factor of k?
False
Suppose -3*b = -4*o + 59, 2*b + o + 47 = -2*b. Is (2 + (-1 - 7))*b a multiple of 23?
False
Let i(l) = 6 + 6*l**2 - 2 + l - 3*l**2 - 2*l**2. Let k = 1 + -1. Does 3 divide i(k)?
False
Let o be 4/(-10) + 1084/10. Let h be 3*1/((-12)/16). Does 7 divide o/8*h/(-6)?
False
Let z(a) = a**3 + 11*a**2 - a - 6. Let o be ((-1)/(-3))/((-4)/132). Let b be z(o). Suppose -3*w - 3*j + 66 = 0, -89 = -4*w - b*j + 1. Is w a multiple of 14?
False
Let u(s) = -s**3 - 2*s**2 - s + 1. Let y be u(-2). Suppose -8*o + 100 = -y*o. Is o a multiple of 10?
True
Suppose w + 0*w - 5 = 0. Suppose -r = 5*j - 42 + 1, w*r + 4*j = 142. Does 26 divide r?
True
Suppose -5*i = -234 + 74. Is 16 a factor of i?
True
Suppose -4*p + 64 = -52. Is p a multiple of 9?
False
Suppose 2*v + 0*v = -4*s + 2, -s + 4*v + 5 = 0. Let p(i) = 7*i**3 + 2*i**2 - i. Let y be p(s). Suppose -4 = -z + y. Is 10 a factor of z?
False
Is 36 a factor of ((-864)/20)/((-12)/40)?
True
Let t(a) = 4*a. Let j be t(1). Suppose -v = j*g - 117, 2*g - 7*v + 3*v - 36 = 0. Suppose 0 = l - 0*l - g. Does 21 divide l?
False
Let x be ((-9)/12)/((-3)/12). Suppose -x*f - 65 = -2*k + 13, 5*k - 4*f - 188 = 0. Is 18 a factor of k?
True
Suppose 2*p + 5*i + 5 + 8 = 0, -2*p = -5*i + 43. Let o = 18 - p. Is 11 a factor of o?
False
Suppose 3*o = 302 - 50. Is o a multiple of 12?
True
Let g(z) = -2*z**3 - 7*z**2 + z + 1. Let n be g(-5). Let s = 131 - n. Is s a multiple of 21?
False
Suppose -47 = 2*n - 3*n. Is 3 + (-1 - -1) + n a multiple of 25?
True
Let y(r) = -r + 2. Let u be y(0). Let a = 30 - u. Does 14 divide a?
True
Let k(o) be the second derivative of 0 + 13/2*o**2 + 1/6*o**3 + 4*o + 1/12*o**4. Is k(0) a multiple of 13?
True
Let u be (6 - 8) + 6*1. Suppose -u*x = -x - 9. Suppose -4*d - 2*j - 3*j = -106, 0 = d - x*j - 18. Is 12 a factor of d?
True
Let i(z) = 4*z + 7. Let s be (24/20)/((-1)/5). Let l be i(s). Let x = l + 62. Does 15 divide x?
True
Let h(y) = 7*y**3 + y**2 + 10*y + 6. Let m(o) = 20*o**3 + 2*o**2 + 29*o + 18. Let x(w) = -17*h(w) + 6*m(w). Does 9 divide x(5)?
False
Let q(s) = s**3 + s**2 + 5. Let c be q(0). Suppose 259 = c*j - b, j + 4*b = 53 - 18. Is j a multiple of 12?
False
Let q(j) = -61*j - 6. Let g be q(2). Let y = g - -184. Is 17 a factor of y?
False
Let n(g) = -g + 2. Let a be n(0). Suppose -5*h = 4*l - 11, -10 = -0*h + a*h. Is l a multiple of 3?
True
Suppose 4*j + 4 = -4*a, -3*j + 5*a = -0 + 3. Let q(s) = -9*s**3. Is q(j) a multiple of 6?
False
Let y = -2 - -2. Let m be (2 - (-16)/(-6))*-3. Suppose -f + b + y*b = 0, -f = m*b - 15. Does 3 divide f?
False
Suppose 4*s + s - x - 13 = 0, -5*s + 5*x + 25 = 0. Suppose 18 = 4*g + 5*p, -g - 1 = -s*g - 3*p. Is g a multiple of 7?
True
Suppose 2*f - 3*y - 13 = 0, y - 20 = -3*f + 6*y. Suppose -30 = -f*a + 25. Is 3 a factor of a?
False
Let k be 8/(-6)*(-45)/10. Let r(i) = i**2 - 4*i - 9. Is r(k) a multiple of 3?
True
Let r = 8 + -2. Suppose -r*x = -3*x + 18. Let t = x + 15. Is 6 a factor of t?
False
Suppose 4*q - 3 = -3*a, -3*q - 5 = -2*q - 5*a. Suppose q = -3*g + 14 - 5. Is g a multiple of 3?
True
Is 1/((1/212)/(3/12)) a multiple of 15?
False
Let w = 38 - 29. Is w a multiple of 7?
False
Suppose 9*v - 579 = 942. Does 12 divide v?
False
Let y(s) = s**3 + 15*s**2 + 19*s + 5. Let k be y(-14). Let h = -39 - k. Is 14 a factor of h?
False
Let m(n) = n**2 + 5*n + 1. Let t be m(-6). Let f be 2 + 0 + t/1. Let s = 15 + f.